t -110111110 (base 2) to base 14.
-23c
What is -d98b (base 14) in base 7?
-214334
-15 (base 12) to base 2
-10001
-302414 (base 5) to base 6
-113022
Convert -2620c (base 13) to base 9.
-116824
300002 (base 4) to base 9
4185
Convert -123313 (base 4) to base 11.
-1381
Convert -220321 (base 5) to base 7.
-31055
What is 6408 (base 9) in base 16?
1262
186 (base 10) to base 13
114
What is 11101111010011 (base 2) in base 14?
581d
Convert -ab (base 14) to base 15.
-a1
-10224 (base 6) to base 9
-1807
-6149 (base 16) to base 6
-311145
-203101 (base 4) to base 8
-4321
-17c9 (base 15) to base 8
-12023
What is -333140 (base 6) in base 11?
-19a86
Convert 8251 (base 9) to base 7.
23416
What is -200202 (base 3) in base 2?
-111111010
118a (base 16) to base 4
1012022
-1122122121 (base 3) to base 10
-32551
What is 213030 (base 5) in base 2?
1110001100001
Convert 12647 (base 12) to base 7.
133132
What is -8765 (base 10) in base 15?
-28e5
-7807 (base 10) to base 7
-31522
-49566 (base 10) to base 4
-30012132
23404 (base 5) to base 15
7a4
-121313 (base 5) to base 4
-1013213
Convert -10100101001100 (base 2) to base 11.
-7a41
Convert -12155 (base 7) to base 2.
-110001101000
What is -73645 (base 10) in base 13?
-276a0
What is -5112 (base 11) in base 5?
-204124
Convert 1163 (base 8) to base 16.
273
-b24 (base 13) to base 4
-131201
What is -4066 (base 7) in base 2?
-10110001100
4140 (base 13) to base 5
242014
What is 1011001011111 (base 2) in base 5?
140402
-b97d (base 16) to base 8
-134575
What is 243 (base 16) in base 5?
4304
Convert 317 (base 11) to base 5.
3011
Convert -10cfe (base 16) to base 5.
-4200422
4612 (base 15) to base 12
872b
What is f21 (base 16) in base 13?
19bc
What is -6da (base 14) in base 7?
-3663
What is 264 (base 7) in base 12?
100
-1404 (base 6) to base 3
-111111
Convert 33132 (base 6) to base 12.
27a8
-1337 (base 8) to base 9
-1006
331110 (base 4) to base 11
2a48
What is 10012022 (base 3) in base 8?
4432
What is 22124 (base 5) in base 3?
2010000
Convert 11694 (base 10) to base 15.
36e9
Convert 35a (base 11) to base 2.
110101100
Convert 1450 (base 8) to base 14.
41a
What is 10000011010 (base 2) in base 12?
736
What is 6bb (base 12) in base 7?
2636
What is -2010 (base 6) in base 8?
-666
3043 (base 5) to base 12
292
Convert 5463 (base 11) to base 14.
28ac
Convert -110000000100 (base 2) to base 5.
-44301
What is -51b0 (base 12) in base 13?
-409b
-3366 (base 8) to base 4
-123312
Convert -65153 (base 7) to base 11.
-111a5
1737 (base 9) to base 2
10100110010
1055 (base 6) to base 7
506
-c8b (base 15) to base 13
-139a
What is 17935 (base 10) in base 14?
6771
Convert -1010111111110100 (base 2) to base 10.
-45044
4ac (base 15) to base 10
1062
Convert -24066 (base 9) to base 10.
-16098
What is 2000 (base 6) in base 11?
363
Convert 22011212 (base 3) to base 15.
1b78
4791 (base 16) to base 11
12846
What is -3c2b (base 14) in base 9?
-15513
What is -2754 (base 11) in base 16?
-df0
-310040 (base 6) to base 12
-12320
Convert -1121021200 (base 3) to base 9.
-47250
Convert 2151 (base 6) to base 2.
111110011
292 (base 14) to base 3
201021
Convert -22b (base 12) to base 11.
-274
-13414 (base 7) to base 12
-2131
What is -12010 (base 3) in base 13?
-a8
-11100000 (base 2) to base 3
-22022
What is -10654 (base 7) in base 15?
-c24
734c (base 15) to base 7
131025
Convert -155 (base 11) to base 14.
-cd
Convert -203521 (base 7) to base 4.
-20201113
Convert -10499 (base 12) to base 15.
-6539
2153 (base 6) to base 7
1314
What is 10000001000010 (base 2) in base 4?
2001002
40448 (base 9) to base 3
1100111122
-3b75 (base 12) to base 5
-204412
Convert -816 (base 10) to base 11.
-682
Convert 5207 (base 10) to base 4.
1101113
Convert -925 (base 11) to base 10.
-1116
Convert 4653 (base 9) to base 11.
2657
What is -1290 (base 12) in base 13?
-c75
Convert -d63 (base 16) to base 7.
-12664
What is -103021 (base 4) in base 10?
-1225
What is -183 (base 10) in base 8?
-267
Convert -1bc (base 14) to base 15.
-192
Convert 13374 (base 12) to base 8.
63510
-723 (base 16) to base 4
-130203
21342 (base 9) to base 16
3734
Convert -7443 (base 11) to base 9.
-14452
Convert -2310 (base 5) to base 15.
-170
What is -457 (base 8) in base 13?
-1a4
What is -11020211 (base 3) in base 8?
-6034
What is -2162 (base 7) in base 15?
-36e
Convert -22203 (base 4) to base 13.
-3cc
Convert -140333 (base 5) to base 13.
-27ab
What is 5a6 (base 16) in base 15?
666
What is 22101 (base 4) in base 15?
2dc
-11a (base 13) to base 4
-3000
23222 (base 5) to base 6
11451
What is -102120201 (base 3) in base 6?
-103031
2967 (base 12) to base 9
6557
16394 (base 10) to base 8
40012
Convert -106d (base 16) to base 7.
-15155
What is -21212 (base 4) in base 12?
-432
What is -11110011001110 (base 2) in base 16?
-3cce
What is 6013 (base 10) in base 8?
13575
-11314 (base 7) to base 13
-1423
4546 (base 7) to base 5
23101
What is 751 (base 15) in base 11?
1271
Convert 101001001001 (base 2) to base 15.
ba8
What is 3338 (base 14) in base 15?
2965
Convert -633 (base 7) to base 9.
-383
Convert -3201 (base 4) to base 11.
-195
What is -14596 (base 14) in base 11?
-34a43
What is 3322302 (base 5) in base 7?
330410
Convert -21302 (base 4) to base 3.
-212012
-15 (base 8) to base 4
-31
1100010001100000 (base 2) to base 15
ed67
What is -72512 (base 8) in base 15?
-8d6b
-2012201 (base 3) to base 11
-1236
What is 136 (base 7) in base 12?
64
Convert 13320032 (base 4) to base 14.
ba90
Convert 101101001010 (base 2) to base 10.
2890
Convert -cdd (base 14) to base 2.
-100111110011
-6271 (base 15) to base 16
-5146
511 (base 8) to base 5
2304
31a1 (base 14) to base 2
10000101111001
What is 4357 (base 10) in base 2?
1000100000101
Convert -1c5c1 (base 14) to base 10.
-72493
Convert 624a (base 12) to base 5.
320324
What is 11111001001 (base 2) in base 10?
1993
Convert -3236 (base 9) to base 16.
-94e
12600 (base 9) to base 12
4b09
-1467 (base 8) to base 2
-1100110111
What is 110000110 (base 2) in base 3?
112110
Convert 3570 (base 9) to base 10.
2655
Convert -22401 (base 7) to base 9.
-7716
Convert 571 (base 15) to base 6.
5411
What is 1202101002 (base 3) in base 6?
423515
What is -51a (base 12) in base 4?
-23212
4053 (base 10) to base 14
1697
-1911 (base 11) to base 16
-980
-3112 (base 11) to base 8
-10037
13255 (base 6) to base 7
5660
2227 (base 8) to base 2
10010010111
-384 (base 14) to base 12
-4a8
33112 (base 4) to base 13
5a7
770 (base 10) to base 15
365
-656 (base 9) to base 6
-2253
Convert 33324 (base 5) to base 3.
10012122
What is 617 (base 11) in base 10?
744
Convert 201312 (base 4) to base 12.
1306
What is -4062 (base 7) in base 15?
-646
-323 (base 13) to base 2
-1000011000
Convert -55 (base 13) to base 4.
-1012
20132 (base 5) to base 15
5b2
-305233 (base 7) to base 9
-78614
-372 (base 8) to base 4
-3322
497 (base 14) to base 6
4125
Convert -123 (base 9) to base 11.
-93
Convert -b89 (base 13) to base 5.
-30342
Convert 623 (base 12) to base 6.
4043
What is 14a4 (base 13) in base 14?
114b
What is -180b8 (base 13) in base 12?
-22954
What is -3ede (base 16) in base 13?
-7430
Convert -4215 (base 7) to base 9.
-2026
1000111101110 (base 2) to base 11
34a3
Convert -53 (base 9) to base 6.
-120
Convert 1010001001111011 (base 2) to base 11.
29284
2000220 (base 3) to base 14
77c
-50021 (base 6) to base 4
-1211131
What is 15557 (base 8) in base 7?
26322
What is -1f2 (base 16) in base 4?
-13302
Convert 2331 (base 4) to base 16.
bd
What is 26597 (base 12) in base 8?
146703
Convert -24106 (base 7) to base 13.
-2ab2
a99 (base 12) to base 6
11113
What is 20222 (base 3) in base 2?
10111100
-11011 (base 5) to base 4
-23310
-3935 (base 11) to base 13
-243b
22a (base 16) to base 9
675
Convert -23031 (base 4) to base 3.
-222120
-2691 (base 10) to base 16
-a83
-488 (base 13) to base 3
-1002012
Convert 20515 (base 6) to base 7.
11054
Convert -2202 (base 10) to base 5.
-32302
What is -822 (base 9) in base 3?
-220202
What is -210021 (base 3) in base 16?
-23e
88aa (base 12) to base 4
3230002
What is -22243 (base 7) in base 11?
-4247
What is -11104 (base 6) in base 10?
-1552
Convert -3a47 (base 12) to base 3.
-100011101
-5a0 (base 12) to base 3
-1011010
Convert 1d5 (base 15) to base 7.
1145
Convert 347 (base 11) to base 13.
25b
Convert -111012101 (base 3) to base 8.
-22626
What